 129, h = 2*h - 3. Suppose 0 = -s - 2*s + q. Suppose -65 = 4*a - s*a. What is the greatest common divisor of a and 91?
13
Let p = -4 + 9. Suppose -m + 4*t = m - 154, 415 = 5*m + p*t. Suppose 5*j = -k + j + 25, 4*k - 52 = -4*j. What is the highest common divisor of m and k?
9
Let v(i) be the third derivative of -i**5/60 + 3*i**4/8 + 2*i**3 - i**2. Let q be v(10). Calculate the highest common divisor of 18 and q.
2
Let o = 3 - 1. Let f be (3 + -1)/o - -11. Let b(z) = z**3 + 12*z**2 + 10*z + 7. Let s be b(-11). What is the highest common factor of s and f?
6
Let l = -2 - -18. Calculate the highest common divisor of l and 144.
16
Suppose 3*i - 9 = 0, -13 + 108 = 2*w + 5*i. Calculate the greatest common factor of 10 and w.
10
Let o(c) = c + 2. Let y be o(0). Let w be (-6 - (y + -5)) + 12. Let u be (-816)/(-15) + (-2)/5. Calculate the highest common factor of w and u.
9
Suppose -4*s + 1 = 9, -3*s - 671 = -5*c. What is the greatest common factor of 19 and c?
19
Let u(q) = -3*q**2 - 13 + 4*q**2 + 29 + 12*q. Let t = -16 - -5. Let z be u(t). Calculate the highest common factor of 55 and z.
5
Let a be -3 - (-28 - (-2 + 1)). Suppose 4*q = 2*q + a. Let v be (-3)/q - (-45)/4. What is the highest common divisor of v and 99?
11
Suppose -10*m = -7*m - 30. Calculate the greatest common factor of m and 40.
10
Suppose 6*n + 2 - 8 = 0. Suppose -4*m + 5*m - 2 = 0. Calculate the highest common divisor of n and m.
1
Let g(b) = 5*b - 1. Let p be g(7). Let n(a) = -a**3 - 6*a**2 - 2*a - 5. Let x be n(-4). Let k = 46 + x. Calculate the highest common factor of p and k.
17
Let x be (293/3)/(2/6). Let k = 203 - x. Let a be (k/(-4))/(6/8). What is the greatest common divisor of a and 3?
3
Suppose -k + 79 = -209. What is the highest common factor of 32 and k?
32
Suppose -4*b = -3*n + 20, 2*n - 7*b + 3*b - 12 = 0. Suppose 2*u - 20 = 2*a, a + 11 = 2*u + 2*a. Let h = u + n. Calculate the greatest common factor of h and 15.
15
Suppose 3*w + 5*c - 50 = 0, -9 = -2*w + c + 7. Suppose -7 = -4*j + 17. Let t be 285/j*8/w. What is the highest common factor of t and 57?
19
Let x be (-21 + (-3)/3)/(-1). Suppose -t + x = -32. What is the highest common factor of 6 and t?
6
Let t = -1 - -7. Suppose 0*f + t*f = 48. Let b = 4 - 3. What is the highest common divisor of f and b?
1
Suppose -5 = -5*o, g + 4*g + o - 561 = 0. Calculate the greatest common factor of 280 and g.
56
Let t(y) = 9*y**2 - y + 2. Let j be t(2). Calculate the greatest common factor of j and 4.
4
Let c be ((-35 - -3)/(-4))/2. Calculate the greatest common factor of c and 1.
1
Suppose 12*o = 2*o + 560. Let k(n) = n**3 + 4*n**2 - n + 4. Let r be k(-4). What is the highest common divisor of r and o?
8
Suppose -8 + 3 = -m. Let r be 6*6/(-27)*(-105)/14. Calculate the highest common divisor of m and r.
5
Suppose -3*j + 5*s + 80 = 0, 2*j + 3*s = 4*s + 44. Let x be 985/j - 1/4. Calculate the greatest common divisor of 7 and x.
7
Let t be -3 + (-72)/(-1 + -2). Suppose -2*b = -3*j + 7, b - 2*b = -5*j + t. What is the highest common factor of 5 and j?
5
Let u = -114 - -240. Calculate the greatest common factor of u and 14.
14
Let m(q) = -q**3 - q**2 + q - 7. Suppose 2*y = 3*k - 3 - 19, 4*k = -y + 11. Let w be m(y). Calculate the highest common factor of w and 8.
8
Let c be (51/6 - 0)*10*1. Suppose -5*f - 4*x = -182, -3*f - f - 3*x = -145. What is the greatest common factor of c and f?
17
Suppose -10 = 5*c, -5*c + 0*c - 162 = -2*f. Calculate the highest common divisor of f and 95.
19
Let d = 18 + -12. Let r be ((-4)/d)/((-2)/60). Let v = r - 8. What is the highest common divisor of v and 132?
12
Suppose 10 = 2*m + 3*m. Suppose -m*g - 47 = -3*g. Suppose -3*p + g = 5*o, 3*p - 41 = -0*o + o. Calculate the highest common factor of p and 70.
14
Suppose 2*u = -3*o + o + 12, 0 = 3*u - 4*o - 46. Let g = 33 - 23. Calculate the greatest common factor of u and g.
10
Let t = 14 - 6. Calculate the greatest common divisor of 8 and t.
8
Let x be (-1)/(-2) + 3/(-6). Let p be x + (0 - (-7 + -1)). Calculate the greatest common divisor of p and 56.
8
Suppose 4*j - 35 = 61. Suppose -x = x - j. Let g = 38 - x. Calculate the greatest common factor of 65 and g.
13
Let o be 1*-12*(-3 - -2). Calculate the highest common factor of o and 12.
12
Suppose -5 = 5*h + 5*u, -h = h + 5*u - 7. Let x be (-385)/(-4) - (-1)/h. What is the greatest common factor of x and 12?
12
Let o be 3*(2 + 3/(-1))*-10. Calculate the highest common factor of 15 and o.
15
Let l be (-24)/18*(-6)/(-4). Let n be -2 + 3 - (4 + l). Let u be 3 - n*2/2. What is the highest common factor of u and 10?
2
Suppose 4*u - 4*a + 13 = -15, -3*u - 33 = 3*a. Let r be 59/3 - 3/u. What is the highest common divisor of r and 10?
10
Suppose 0 = o - 5*o + 320. Suppose -3*x + 80 = 2*x. Calculate the greatest common factor of o and x.
16
Let c be (48/9)/(4/114). What is the highest common factor of c and 19?
19
Let g(n) = 2*n**2 - 11*n + 4. Let o be g(7). What is the highest common divisor of 100 and o?
25
Suppose 4*u + 11*u - 315 = 0. What is the highest common factor of 7 and u?
7
Let p be (-227)/(-4) + 2/8. Let n = -2 + 4. Suppose 17 = d - 4*j + 2, n*j + p = 5*d. Calculate the greatest common divisor of d and 11.
11
Suppose -5*y - c = -0*c - 1567, 0 = -2*c - 6. Suppose s - 39 + 365 = 3*x, -y = -3*x - 5*s. Let i = x + -74. What is the highest common divisor of 17 and i?
17
Suppose -3 = -y, -y = -2*k + y + 84. What is the greatest common divisor of k and 9?
9
Let u = -73 + 75. Suppose 0 = l + 2*l. Suppose 3*w = -l*w + 30. What is the highest common factor of w and u?
2
Let p = 166 + -139. What is the greatest common divisor of 27 and p?
27
Suppose 4*v - 8 = -2*t, -3*t = -3*v - 0*v - 30. What is the highest common factor of 8 and t?
8
Let r be ((-18)/15)/(6/(-1120)). Let s be r/(-12) + 2/3. Let k = s + 39. What is the highest common divisor of k and 63?
21
Let p be 1*-1*(4 - 3). Let o be 7/(-21)*(p - 17). Calculate the greatest common divisor of 18 and o.
6
Let u(j) be the first derivative of 22*j**3/3 + 2*j + 1. Let w be u(2). Calculate the highest common factor of 10 and w.
10
Let m = 6 - 3. Suppose -5*s + 0*s - w + 8 = 0, 5*w + 4 = -m*s. Suppose -n - s*n + 90 = 0. Calculate the greatest common factor of n and 45.
15
Let k(t) = -6*t + 40. Let s be k(6). Calculate the greatest common divisor of 28 and s.
4
Let s(t) be the third derivative of t**6/120 + 10*t**3/3 + t**2. Let v be s(0). Let m = v + -11. What is the greatest common factor of m and 1?
1
Let p be (3/2)/(2/(-12)). Let f = -6 - p. Let o(d) = d + 21. Let l be o(0). Calculate the highest common factor of f and l.
3
Suppose 0 = -3*c + 73 + 179. Let d be ((-21)/2)/((-3)/6). Calculate the highest common factor of c and d.
21
Suppose -2 = -x - 1, 4*x - 10 = -2*m. Let f = m - 4. Let v be 111 + (-1)/(1/f). Calculate the highest common factor of v and 14.
14
Suppose 3*p - 76 - 362 = 0. What is the greatest common divisor of 73 and p?
73
Let r(n) be the second derivative of -n**5/20 + n**4/12 - n**3/6 + 13*n**2/2 - 2*n. Let l be r(0). What is the greatest common divisor of 65 and l?
13
Suppose 2*g + 2*b - 40 = 4*b, -5*b + 80 = 5*g. What is the greatest common divisor of g and 2?
2
Let i(v) = v**2 + 3. Let m be i(0). Suppose -37 - 14 = -m*c. What is the highest common divisor of c and 51?
17
Suppose 771 - 111 = 11*p. What is the highest common divisor of 45 and p?
15
Let k(c) be the first derivative of 9*c**3 + c**2 + c - 4. Let d be k(-1). Let z = 9 + 4. Calculate the highest common factor of d and z.
13
Let p = -59 - -7. Let v be (-2)/((-103)/p - 2). Calculate the highest common factor of 13 and v.
13
Let w(m) = -m**3 + 8*m**2 + 4*m - 8. Let z be -2*(-4)/1 + -2. Let u be w(z). Suppose y - u = -y. Calculate the greatest common divisor of 4 and y.
4
Let d be (-1040)/30*66/(-8). Calculate the highest common divisor of 26 and d.
26
Let a(i) = 3*i + 1 - i + 4 - 1. Let b be a(4). Calculate the greatest common divisor of b and 108.
12
Suppose 4*p + 279 + 33 = 0. Let k = 138 + p. What is the greatest common factor of 12 and k?
12
Let n be -1 - -3 - 2/(-2). Let c(v) = -v**3 + 9*v**2 + 6*v - 4. Let p be c(9). Suppose 0 = -n*r + 25 + p. Calculate the highest common divisor of 10 and r.
5
Suppose 3*s = -40 - 2. Let f be (-4)/14 + (-564)/s. What is the greatest common 